 -11)).
-8
Calculate -2 + -2 + 5 + (4 - 10).
-5
-1 - (-1 - ((1 - -2) + 0))
3
Calculate 1 + -7 + (-5 - (19 + -22)).
-8
Calculate (-5 - (-4 - 9)) + -5 + -2.
1
Evaluate 10 + -3 + 8 + -12 - 13.
-10
What is the value of -6 + 2 + 5 + 4 + -6?
-1
Calculate (10 + 2 - 1) + -6 - 3.
2
What is the value of 6 - 2 - (1 + 0) - 3?
0
-1 - (13 + -15 + 5)
-4
What is the value of (-3 + 3 - -2) + -6 + 6?
2
117 + -115 + (2 + -12 - -2)
-6
-4 + 2 + 1 + 11
10
What is the value of 24 + 16 + -36 - (0 + 2)?
2
Evaluate 1 - 6 - (160 - 168).
3
Calculate (4 - 4 - 2) + -2 + 3.
-1
What is 1 - (2 + (16 - 13))?
-4
(-1 - 12) + 6 - -13
6
-5 - (-4 + 6 + -9)
2
Evaluate -7 + 5 + (14 - 4).
8
What is the value of -11 + 1 - (-109 - -108)?
-9
What is (36 - 46) + (0 - -20)?
10
What is -16 + 35 - 21 - (1 + -5)?
2
Evaluate 0 + 6 + -7 + 1 + -2.
-2
Calculate (9 - 13 - 1) + 5.
0
0 + 0 + -1 + -180 + 179
-2
What is 0 + 5 + -3 + 1?
3
Calculate 8 - 6 - (4 + -5 - 1).
4
What is (-4 - (2 + -9)) + 6 + -3?
6
Calculate 0 + -8 - (-12 + 0).
4
Calculate 7 + (-12 - (0 - 6)).
1
-7 - -3 - (1 + -5 + 3)
-3
What is 2 + -2 + 19 + -20?
-1
What is the value of (-2 - -5) + (0 - 1)?
2
What is the value of -7 - (-4 + 4 + 3 + -8)?
-2
What is the value of 4 + 4 + 3 + -9 + -5?
-3
What is (7 - 15) + (3 - -1)?
-4
20 + -18 - (-1 - 1)
4
What is the value of -2 - (-1 - (-4 - -6))?
1
Calculate 7 - 3 - (0 + 4 + -1).
1
Calculate -2 - ((-1 - 9) + (0 - -4)).
4
Calculate (7 - 8) + -4 - 3.
-8
What is -6 - (-1 - (-6 + 5 - -2))?
-4
Evaluate -3 - (0 + -9) - 1.
5
What is -23 + 13 - -7 - (-1 + 3)?
-5
Calculate 18 - 22 - (-4 - -1).
-1
What is the value of -4 + (-3 - (0 + 3 - 5))?
-5
What is the value of -3 + -6 + (1 - -3)?
-5
Calculate 1 + 1 + -14 + 16 - 12.
-8
Calculate -7 + -1 - (-12 - (-8 - -5)).
1
Evaluate -2 + (-1 - -3) - -5.
5
Calculate 0 - -7 - (-9 + 29 - 14).
1
19 - 15 - ((-2 - 0) + 8)
-2
What is the value of 30 - 31 - (-13 - -3)?
9
Evaluate -1 + 4 + 2 - 5.
0
What is the value of 5 - (-1 - (10 + -9))?
7
What is the value of -1 + 5 - (5 - 2)?
1
Evaluate -1 + 2 - (109 + -111).
3
What is -7 - (5 - (2 + 5))?
-5
What is 3 - (2 - -2) - (-2 + 5)?
-4
(-1 - 1) + (-2 + 2 - -1)
-1
Evaluate 1 - (2 + -3 - -3).
-1
Calculate (0 - 1 - 1) + 5 - -3.
6
What is the value of 0 + -2 - (9 - 12)?
1
What is (-4 - -5) + -2 + 3 + 3?
5
What is 9 + (-8 - -1 - -4) + -9?
-3
What is the value of 6 - (3 - (2 - 0))?
5
What is 1 + -1 - ((8 - 1) + -8)?
1
0 + (-4 - -5) + -7
-6
Evaluate 4 + -1 + -9 + 6 + -1.
-1
What is (-2 - -2) + -2 + 2 - 5?
-5
Evaluate 3 + (-1 - 0) + 3 - 0.
5
-4 - -2 - -3 - (-2 - 2)
5
What is -15 - (-8 - (0 + (-9 - -5)))?
-11
What is 3 + (-2 - 1 - 0 - -2)?
2
What is the value of 0 + (-3 - (-1 + 4 + -2))?
-4
What is the value of -2 + 2 - (2 - 0) - 3?
-5
-4 + (5 - (-3 - (1 - 10)))
-5
Calculate -1 + (2 - (-3 + 3)) - 2.
-1
2 - ((8 - 13) + (1 - -11))
-5
What is the value of 1 - -3 - (8 + 0 + -5)?
1
-5 - (-5 - -10 - 17) - 4
3
Calculate (-1 - 3) + -157 + 166.
5
3 + 2 + 0 + (-37 - -32)
0
What is 7 + (6 - ((0 - -3) + 6))?
4
What is -8 - (-21 - -9) - (-4 - -2)?
6
What is the value of -6 + (2 + -7 - (-1 + -5))?
-5
What is 0 + (11 - (2 + 6))?
3
Calculate -2 - (2 + 2 - 1 - 2).
-3
What is the value of (8 - 2) + (-29 - -19)?
-4
Calculate 0 - 0 - (-31 - -28).
3
What is 3 + -4 + -4 - -10?
5
4 - 3 - -2 - 8 - -3
-2
What is the value of 5 - 6 - -3 - (1 - -1)?
0
(13 - 8) + -1 + 1
5
What is the value of 15 - (0 + 7 + 1)?
7
Calculate -4 + 1 + 2 + (3 - 2).
0
Evaluate 4 - 2 - (-3 + 5).
0
What is the value of -9 - -2 - (36 - 39)?
-4
What is -2 + -5 + (0 - 4) + 7?
-4
1 + (8 - 6) + 0 + 1
4
-4 - (-4 + 0 + 4)
-4
-1 + 7 + 6 + -11
1
Calculate (7 - 3) + 0 + -6.
-2
What is the value of (-3 - -4) + (-1 - 3 - -2)?
-1
What is -6 + 2 - (-13 + 10)?
-1
Calculate (31 - 35) + 0 + 1 + -2.
-5
Calculate 0 + -4 + (2 - -5) + -4.
-1
What is the value of -3 + 1 + (143 - 139)?
2
What is 2 + 14 + -8 + -4 - 5?
-1
Evaluate 3 - (0 + (2 - -1)).
0
Evaluate -27 + 27 + 3 + 0.
3
Calculate -10 - -1 - ((-1 - 0) + -3).
-5
What is -8 - -8 - (-3 + 0)?
3
What is the value of -2 + 1 - (47 - 45)?
-3
Calculate -1 - 1 - -6 - 5.
-1
What is (11 - 7) + -14 + 11?
1
Evaluate 3 + (5 - 2) + -7 + -2.
-3
Evaluate (-2 - (-3 - -9)) + 3.
-5
(1 - (-2 + 3)) + (2 - 2)
0
Calculate -4 - (-5 - ((-4 - 3) + 6)).
0
What is the value of 3 + (-10 - (2 + -7))?
-2
Evaluate -1 + (-5 - -7) + -5.
-4
(3 - 6 - (13 - 11)) + 7
2
Calculate 4 - ((2 - 2) + 9).
-5
What is 6 + 5 + -10 - (-2 - -4)?
-1
What is 4 - 6 - (1 - 6)?
3
What is the value of -1 - (8 + -13 - 0)?
4
Evaluate 3 - ((-8 - -8) + 4).
-1
What is the value of -71 + 81 - (1 + 4)?
5
Evaluate -2 - (3 - 5) - (-11 + 6).
5
6 + 1 + (-5 - -12 - 11)
3
What is the value of -9 + -7 + 10 + 2 + 1?
-3
Evaluate 1 + -2 + (1 - 1) + 3.
2
-2 + 9 + -9 + 5
3
What is 0 + -9 + 11 + -5?
-3
Evaluate 4 - 0 - (-9 - -20).
-7
Calculate 5 + 0 + -2 - (7 + -4).
0
What is 1 - 0 - ((6 - -2) + -3)?
-4
Evaluate (0 - -1 - 4) + (348 - 350).
-5
3 - (2 + -8 + 2 + 5)
2
What is -12 - (12 - 15 - 7)?
-2
What is 3 + (1 - 1) + 2 - 0?
5
What is -7 + 13 + (-1 - 3) - 7?
-5
What is the value of -1 + -4 - (-1 - (5 + -5))?
-4
-1 + 6 + -9 + 9
5
Calculate (1 + -5 - -9) + (1 - 4).
2
Calculate -2 + 0 + 1 + -14 + 15.
0
Calculate (2 - (1 - 3)) + -1.
3
What is the value of -8 + (-2 - -2 - -5)?
-3
18 + -31 - (-4 + 3 + -3)
-9
What is -104 + 101 - (2 + -1)?
-4
What is (9 - 9) + 9 + 1 + -4?
6
Calculate -6 + 0 + -4 + 6.
-4
Evaluate -4 - (3 + (0 - 4)).
-3
What is the value of (69 - 58) + -9 + 1?
3
(1 - -3) + -5 + -2 + -2
-5
Evaluate -1 - ((-3 - 0) + 6).
-4
What is the value of 3 - (1 - (3 + (-1 - 9)))?
-5
What is 58 + -50 + (1 - 13)?
-4
Evaluate 4 - (3 - (-6 - -1)).
-4
What is 22 + (6 + -3 - 16)?
9
What is -6 - -2 - ((0 - -2) + -10)?
4
What is 0 - -6 - 4 - 6?
-4
Evaluate 7 + -1 + -17 + 6.
-5
Evaluate (-2 - -2) + (6 - 7).
-1
What is 2 - (2 + 0 + 4)?
-4
What is the value of -3 + ((2 - -2) + -7 - -7)?
1
7 + 7 + -2 + -8
4
Evaluate (0 - -2) + -4 + 7.
5
What is the value of -2 - (-5 - 2) - 5?
0
Calculate 1 - -6 - 4 - 0.
3
Calculate 0 + 1 + -3 + -1 + -1.
-4
Evaluate 3 + (-11 - -3) - -9.
4
Calculate 0 - (10 + 0 - 6).
-4
What is the value of (-4 - (5 + -2 + -8)) + -4?
-3
Evaluate (-1 - -1 - 1) + (12 - 18).
-7
-3 + 2 + -2 + 2 + 0
-1
Evaluate -52 - -54 - (-2 - 0 - -8).
-4
What is 1 - (-1 + 1) - 2 - -2?
1
Calculate -1 + -1 + (5 - (9 + -6)).
0
Evaluate 10 - (-3 - -10) - (12 - 1).
-8
Calculate -1 + -5 + (0 - -4) - 5.
-7
What is (2 - 4) + 0 + (-1 - 0)?
-3
What is the value of -2 - (3 - 5 - -3)?
-3
What is the value of 2 + -3 + 6 + 3 + -4?
4
2 + -1 + 1 - (-8 - -5)
5
What is the value of 1 - (16 - 5 - -1)?
-11
Evaluate -3 - (-3 + -2) - -3.
5
Calculate (5 - 3) + -11 + 14.
5
Evaluate (0 - 3) + 3 + 3 - -2.
5
What is -3 + -3 + -3 + 5?
-4
What is the value of 2 - 1 - (28 - 24)?
-3
What is the value of 9 + -8 - (6 - 2)?
-3
What is the value of 5 + -12 + 1 + 4 + 0?
-2
8 + 0 + -1 - 5
2
Evaluate 3 + -1 - 3 - (-2 - -5).
-4
What is the value of (-3 - -4) + -1 + -4 + 8?
4
Evaluate -2 - (-3 + -2 - (1 - 2)).
2
Calculate 3 + (-2 - -9 - 6) + -3.
1
What is the value of -5 + 10 + (-1 - (-1 + -2))?
7
Calculate -5 + 2 - (-3 - -7).
-7
What is 1 - ((8 - 3) + -6)?
2
What is 8 + -12 + 13 + -14?
-5
Evaluate (9 - (-2 + 9)) + 4.
6
Calculate (95 - 89) + -11 + (-1 - -1).
-5
Calculate -1 + (3 - (-2 - -2)).
2
Evaluate 4 - (-2 - (-5 + -2)).
-1
Calculate -5 - (7 + -3 - 7).
-2
Calculate 3 + 3 + (2 - 7).
1
What is 4 + -5 + -6 + 3 + 3?
-1
What is (8 - 0) + -15 + 12?
5
-1 - ((4 - 2) + (-8 - -7))
-2
What is 14 - (7 + 22 + -12)?
-3
What is the value of 6 + -12 - 1 - -8?
1
What is the value of -36 + 33 - (2 + 1)?
-6
1 - 2 - (2 - 5)
2
Calculate -3 + 1 + 7 + -13.
-8
What is the value of -14 + (4 - 1) + 7?
-4
What is -2 + -12 + 11 - -12?
9
What is the value of (-3 - -2 - -7) + 4 + -6?
4
Evaluate (10 - 5) + 5 + -6.
4
Calculate -7 + 7 + 3 - 3.
0
What is (-25 - -26) + (1 - 1)?
1
What is 3 + -2 + -2 + 1 + 0?
0
What is the value of (1 - 9) + (23 - 43) + 18?
-10
What is the value of -44 - -29 - (4 - 16)?
-3
Calculate 4 - 1 - (-87 + 95).
-5
Calculate -15 + 1 + 6 - -2.
-6
What is -3 + (9 - 19) - -9?
-4
-11 - -10 - (-8 - -3 - -7)
-3
Calculate -4 + (6 - 11) + 4.
-5
Calculate 3 - (-4 + -2 + 2 + 9).
-2
Calculate 2 + -5 + 7 + 0.
4
-1 - 2 - (-13 + 5 - -1)
4
Calculate 3 + (9 - 7 - 1).
4
-6 - ((2 - 2) + 2) - -3
-5
Evaluate -